e 7) to base 16
1321
Convert 12100112122 (base 3) to base 9.
170478
Convert -61425 (base 13) to base 2.
-101010100010111110
Convert -13e7984 (base 15) to base 5.
-12141401044
5139a8 (base 13) to base 9
3505070
4574650 (base 9) to base 4
21123013233
2f33b (base 16) to base 13
6a003
Convert -3221211031 (base 4) to base 2.
-11101001100101001101
What is -aa49 (base 13) in base 12?
-11889
Convert 166a499 (base 11) to base 9.
5307187
Convert 101001110101001101001 (base 2) to base 5.
322330404
What is -2b6e (base 16) in base 4?
-2231232
What is 1416889 (base 11) in base 2?
1001010011100100100001
11654c2 (base 14) to base 5
4112000110
Convert 1c1b8c (base 14) to base 9.
1800007
-126743 (base 11) to base 5
-22333323
20065 (base 7) to base 2
1001011110001
Convert -47855 (base 10) to base 11.
-32a55
What is 25a18 (base 15) in base 11?
82503
-44657710 (base 8) to base 2
-100100110101111111001000
Convert -2049a2 (base 15) to base 7.
-16020356
Convert 2103220022 (base 5) to base 2.
10000100110010100011110
What is -171b (base 16) in base 11?
-4498
-b6d45 (base 15) to base 7
-4634204
What is -2434202001 (base 5) in base 6?
-323414450
What is 7a5187 (base 12) in base 16?
1de0b7
Convert -612722 (base 8) to base 2.
-110001010111010010
What is 4757056 (base 8) in base 12?
529612
What is 340b0 (base 14) in base 10?
126378
What is -420424130 (base 5) in base 12?
-6b6b00
-78c03 (base 14) to base 7
-2330603
-73527 (base 8) to base 10
-30551
-1aa92 (base 14) to base 13
-24c06
Convert 18ec6ae (base 15) to base 9.
37244162
What is -a0637 (base 13) in base 16?
-45fce
What is -202242523 (base 6) in base 2?
-1101010000000111110011
What is 3332311 (base 5) in base 3?
2222012001
Convert 10221012222001 (base 3) to base 13.
582838
-360546 (base 7) to base 8
-177122
-102211021111201 (base 3) to base 6
-342410114
Convert -13300221 (base 4) to base 15.
-9640
Convert -2175242 (base 10) to base 13.
-5b2134
-a6444 (base 12) to base 6
-4402524
What is -67868a (base 13) in base 2?
-1001010101010000110101
Convert 1312413331 (base 5) to base 4.
30120331132
210a545 (base 12) to base 16
5f3285
What is 13112113200 (base 4) in base 12?
78ab40
What is -114624a (base 12) in base 15?
-45b334
-27755 (base 9) to base 10
-18842
-401013 (base 8) to base 15
-28ed0
What is 1100011110001000110000 (base 2) in base 14?
611560
Convert 20111430 (base 5) to base 16.
271f0
Convert 14026563 (base 10) to base 14.
1c11a15
46960 (base 10) to base 3
2101102021
Convert -91764 (base 10) to base 9.
-148780
Convert db44d (base 16) to base 5.
212220000
Convert 504241 (base 10) to base 4.
1323012301
Convert 613747 (base 8) to base 15.
40102
What is -64366 (base 9) in base 5?
-2330320
Convert -10111110111 (base 3) to base 2.
-10000110011111111
What is 33535503 (base 6) in base 8?
3717477
What is -11110110111011100011 (base 2) in base 7?
-11411524
Convert 1133320312 (base 4) to base 12.
16b35a
12434411 (base 6) to base 11
25a530
Convert 2444242112 (base 5) to base 7.
100514335
Convert -104414041 (base 5) to base 6.
-14000551
What is -223413113 (base 5) in base 11?
-62181a
Convert -6118719 (base 10) to base 16.
-5d5d3f
Convert 132312123 (base 5) to base 2.
10100010101110101010
What is 34523 (base 12) in base 15?
15a7c
Convert -9dd75 (base 16) to base 12.
-272185
Convert -3193a55 (base 11) to base 13.
-1216983
1011001000100001010 (base 2) to base 5
43133220
What is -352313 (base 7) in base 16?
-f725
What is -219664 (base 11) in base 7?
-2654001
Convert -38a4550 (base 11) to base 6.
-400443221
2210112012111 (base 3) to base 10
1486579
d56aa (base 16) to base 7
10300361
What is 334d5 (base 16) in base 4?
303103111
Convert 2833640 (base 9) to base 3.
2221010201100
What is -2565087 (base 9) in base 6?
-50011041
Convert 2011001012100 (base 3) to base 11.
710405
Convert -281300 (base 11) to base 8.
-1535134
What is 25684 (base 9) in base 2?
100001110110001
-2210004 (base 6) to base 8
-327124
Convert -1034014540 (base 6) to base 11.
-62a6521
What is -2254 (base 14) in base 16?
-1742
What is 25507 (base 10) in base 15?
7857
Convert -2699287 (base 11) to base 3.
-22202102102100
3b24c (base 16) to base 11
15600a
What is -a4b634 (base 12) in base 6?
-131312104
86385 (base 12) to base 3
22222111202
What is 3101303 (base 4) in base 15?
3ea2
What is 3b091 (base 13) in base 10?
109968
What is 3133112301 (base 4) in base 12?
381529
-120033022 (base 5) to base 8
-2060421
-52d6b (base 14) to base 5
-22401321
-10232111002 (base 4) to base 11
-776422
Convert -18908 (base 15) to base 13.
-2a347
What is -45305551 (base 6) in base 7?
-14465311
-252555412 (base 6) to base 7
-56432156
Convert 3b668b (base 12) to base 15.
1471db
Convert 46f04 (base 16) to base 14.
77c68
31000223 (base 4) to base 5
3201131
1000011011010010010111 (base 2) to base 9
4136054
What is 452863 (base 14) in base 7?
25656553
Convert 12450102 (base 6) to base 10.
410870
What is 60790 (base 10) in base 11?
41744
Convert 234401224 (base 5) to base 16.
10a4fe
What is 321210030 (base 4) in base 9?
388386
What is 614662 (base 7) in base 9?
168864
Convert -143181 (base 10) to base 5.
-14040211
What is -2098342 (base 10) in base 16?
-2004a6
18509 (base 15) to base 5
10010014
Convert 10535616 (base 7) to base 9.
1646550
Convert -50608 (base 10) to base 13.
-1a05c
What is -2230355 (base 7) in base 13?
-989c0
What is 4122304 (base 6) in base 9?
330864
Convert 410643 (base 7) to base 10.
69954
Convert -5634572 (base 8) to base 4.
-11303211322
What is 1100001101000101 (base 2) in base 3?
2112120110
Convert 11001101011110 (base 2) to base 3.
200001001
What is -30c0d4 (base 14) in base 16?
-191ffa
What is 32123001 (base 4) in base 5?
3342243
Convert -4133da (base 16) to base 3.
-22001002121111
Convert -20bcc (base 16) to base 3.
-20210221101
-466722 (base 8) to base 13
-575c1
What is -134322 (base 5) in base 13?
-270a
Convert -86b46 (base 12) to base 8.
-533346
41dbb1 (base 14) to base 11
1291778
What is -3ae0a (base 16) in base 7?
-2023045
Convert -12210131 (base 4) to base 9.
-40818
Convert -783c3 (base 14) to base 2.
-1000111001100100111
What is 2b54b (base 13) in base 7?
461433
130130032 (base 4) to base 2
11100011100001110
What is -a1200 (base 11) in base 3?
-21111222212
What is 1001212000210 (base 3) in base 15?
b340c
Convert -563351 (base 7) to base 16.
-18545
Convert 10112200222002 (base 3) to base 9.
3480862
3d78b (base 16) to base 14
67a8b
Convert 573653 (base 10) to base 9.
1063812
What is -331321023 (base 4) in base 5?
-31103030
What is -33102 (base 5) in base 3?
-10010100
Convert -1b8c20 (base 14) to base 11.
-612931
4452036 (base 7) to base 5
120104132
-1314310 (base 5) to base 12
-131b9
Convert 184345 (base 9) to base 4.
130000301
-4026b (base 15) to base 5
-22444201
Convert -833329 (base 10) to base 9.
-1510101
Convert -643591 (base 10) to base 7.
-5320234
What is 1820a5 (base 11) in base 6?
10004420
What is -125030 (base 8) in base 12?
-21248
What is -102706 (base 9) in base 4?
-32322120
What is -22a34 (base 13) in base 11?
-4357a
What is -20043 (base 7) in base 3?
-20122000
What is 316272 (base 9) in base 13?
67934
What is -341750 (base 8) in base 2?
-11100001111101000
What is 4204233232 (base 5) in base 3?
121022012220011
Convert 113302202130 (base 4) to base 16.
5f289c
1403042040 (base 5) to base 10
3565270
What is -15406662 (base 7) in base 16?
-169ac4
Convert 1034052243 (base 6) to base 7.
163304664
What is -1011010300 (base 4) in base 13?
-9ba19
-271663 (base 11) to base 3
-210200100021
What is -2144241213 (base 5) in base 12?
-1698974
Convert -154088 (base 10) to base 15.
-309c8
17449b9 (base 12) to base 8
22304235
12220310232 (base 4) to base 5
421140303
-5135155 (base 6) to base 16
-3c14f
Convert 5b04c4 (base 13) to base 3.
11002022200220
-12011201210121 (base 3) to base 12
-b07797
What is -4531444 (base 7) in base 2?
-10001001010011100101
Convert 1680d5 (base 16) to base 8.
5500325
24710d (base 15) to base 5
421320423
1d9f6 (base 16) to base 13
432c5
-557d6 (base 15) to base 3
-111210210210
237444 (base 11) to base 6
12020054
Convert 571aa (base 12) to base 9.
186164
Convert -1014444 (base 9) to base 14.
-101390
What is 11110414002 (base 5) in base 16?
ba2ca7
-1223050 (base 8) to base 12
-143348
Convert -135064 (base 15) to base 8.
-3424733
Convert 1025500